se -163 - 3456 = 11*n. Let j = n - -485. What are the prime factors of j?
2, 3, 13
Suppose -29418 = 32*t - 145706. List the prime factors of t.
2, 23, 79
Suppose 468*i + 633339 - 6397227 = 0. List the prime factors of i.
2, 3079
What are the prime factors of (3*(-716)/(-8))/((-4)/(784/(-21)))?
2, 7, 179
Let b(y) = 2*y - 38. Suppose -4*s = -0*s - 84. Let x be b(s). Suppose -4*m = x*l - 504, -374 = -3*m - 4*l + 2*l. List the prime factors of m.
2, 61
Let m(a) = -10*a**3 + a**2 - 3*a + 5. Let k be m(2). Let d = k + 31. Let y = d - -94. What are the prime factors of y?
2, 3
Let m = 308 + -162. What are the prime factors of (m/(-8))/(-11 + (-522)/(-48))?
2, 73
Suppose 5*w + 5*a - 15005 = 0, 3*a - 6*a - 3017 = -w. List the prime factors of w.
5, 601
Let p = 0 - -2. List the prime factors of p/(-6) - (4002/(-18) + -1).
223
Suppose d + 130 = -4*d. Suppose -955 = 7*u - 2*u + p, -2*p + 586 = -3*u. Let h = d - u. What are the prime factors of h?
2, 83
Let w = 11599 + -4579. What are the prime factors of w?
2, 3, 5, 13
Let l = -3345 + 5062. What are the prime factors of l?
17, 101
Let p(b) = 17*b + 137. Let h be p(23). Suppose -5*n = 3*w - 920 - 672, 3*n - h = -w. What are the prime factors of w?
2, 3, 89
Let t = 252 - 260. List the prime factors of -5*(4704/5)/t.
2, 3, 7
Let v(y) = 9*y**2 + 121*y - 164. List the prime factors of v(32).
2, 3, 359
Let y(b) = b + 8. Let l be y(-6). Suppose -61 = 3*o - l*o. Let x = 104 + o. What are the prime factors of x?
43
Let r = 57 + -40. Suppose 4*p - 1 + r = 0. What are the prime factors of 64 + (-2 - (p + 8/4))?
2
Suppose 0 = -4*g + 3533 - 689. Suppose g = j - 295. What are the prime factors of j?
2, 503
Suppose -52*x + 1385063 = 40*x + 5*x. What are the prime factors of x?
109, 131
Let x(w) = -w**3 + 20*w**2 - 24*w + 25. Let b be x(19). Let c = 2 + b. Let h = c - -113. List the prime factors of h.
3, 5
Let u be -3*5/(90/(-156)). List the prime factors of (u/5)/(42/4935).
13, 47
Let z(a) = -55*a + 4. Let p be z(-11). Suppose -192 = 3*r + p. Let m = -147 - r. What are the prime factors of m?
2, 3, 5
Suppose -908434 - 489830 = -82*g. List the prime factors of g.
2, 3, 7, 29
Let w = 46 - 2. Suppose v - a = -17, 4*v + a + 0*a = -63. Let x = w + v. What are the prime factors of x?
2, 7
Let d = 89 + -3. Suppose -d = 7*t - 1262. List the prime factors of t.
2, 3, 7
Suppose -j + 257 + 1592 = 0. What are the prime factors of j?
43
Let s(k) = 11*k + 17. Suppose -70 = 4*i + 6*i. Let v be s(i). What are the prime factors of (10 + -1)/((-4)/v)?
3, 5
Let j(h) = 2*h**3 + 21*h**2 - 39*h + 7. List the prime factors of j(7).
3, 7, 23
Suppose -2*p + 5*p - 5*b = 62, 5*b = -4*p + 106. Suppose -19*q = 2*u - p*q - 1731, 4*u + 4*q = 3448. List the prime factors of u.
863
Let z = -2304 - -7735. List the prime factors of z.
5431
Suppose 9*j + 42 = 15*j. Suppose -8*u = j*u - 7335. List the prime factors of u.
3, 163
Suppose 49*o - 38*o = -143. What are the prime factors of 13/o - (6 + -3)*-38?
113
Let k(t) = 4*t + 22 + 4*t**2 - 6*t - 3*t - 3*t**2. List the prime factors of k(6).
2, 7
Suppose 220*j + 66*j - 33001294 = -10175062. What are the prime factors of j?
2, 3, 739
Suppose 2*c + 46 = -m + 1400, 4*m + 4*c - 5396 = 0. Let j = 2091 - m. List the prime factors of j.
3, 83
Let p be (-4*(-9)/72)/((-1)/12). What are the prime factors of 8/(-6)*1575/p?
2, 5, 7
List the prime factors of 283863/5 - ((-1887)/85)/(-37).
2, 3, 19, 83
Suppose 8*i - i = -56. Let t be 1*(3 + -4) - i. Suppose 3*s - 14 = -2*q, -q + s = -2*q + t. List the prime factors of q.
7
Suppose -4*a - 98719 = -21*a. List the prime factors of a.
5807
Let y(u) = -37*u**3 - u**2 + u + 1. Let v be 66/(-36) + (3 - 57/18). What are the prime factors of y(v)?
3, 97
Suppose -2002599 = -54*w + 241911. What are the prime factors of w?
3, 5, 17, 163
Suppose -5*g + 7*g - 358 = 4*j, -5*j - 454 = 4*g. List the prime factors of -3 - (16300/j + 2/18).
2, 89
What are the prime factors of ((10 - 2) + 33522)/(-3)*(-27)/6?
3, 5, 7, 479
Let i = 16173 + -8755. List the prime factors of i.
2, 3709
Let j(g) = -g**3 + 33*g**2 + 94*g + 19. Let h(p) = p**2 - p - 1. Let q(o) = -2*h(o) - j(o). List the prime factors of q(38).
3, 7, 13
Let m = 48 - 46. Suppose -l + 10 = m*l - 5*g, 3*l - 2*g = 13. What are the prime factors of (2 + 83)/l + 2?
19
Let z = -142 + 155. Suppose -z*l = 7*l - 5560. List the prime factors of l.
2, 139
Let f = -2306 + 2305. Suppose a + 5*g + 2 - 8 = 0, g + 87 = 4*a. Let v = f + a. List the prime factors of v.
2, 5
Let k be (-4)/3 - (6559/(-21) - 4). Suppose 0 = -2*z + x + 1066, -2*z - 2*x - k + 1387 = 0. What are the prime factors of z?
2, 3, 89
Suppose 0 = 2*v + 12*v + 1904. Let u = v - -399. List the prime factors of u.
263
Let r(b) = -254*b + 4 + 5 - 13 - 14 + 28*b. What are the prime factors of r(-2)?
2, 7, 31
Suppose o = 4, -5*y - 2 + 6 = -4*o. Suppose -y*p + 1156 + 36 = 0. List the prime factors of p.
2, 149
Let y(q) = 4*q**3 - 4*q**2 + 2*q + 20. Let f(d) = -3*d**3 + 4*d**2 - 19. Let i(x) = 7*f(x) + 6*y(x). List the prime factors of i(5).
2, 3, 29
Suppose -502*p = -3*w - 498*p + 47817, -4*w = -3*p - 63742. What are the prime factors of w?
89, 179
Suppose -3*g + 3 + 3 = 0, -6603 = -u - 5*g. Suppose 33*c = u + 9511. List the prime factors of c.
2, 61
Suppose 16*c - 9*c = 1995. Suppose -5*t + c = 985. Let p = t + 273. List the prime factors of p.
7, 19
Let l = -58 + 58. Suppose -17*o + 16*o + 212 = l. What are the prime factors of ((-10)/5)/((-8)/o)?
53
Let r = -32 + 30. Let v be (2 + (-4)/2)/(r - -4). Suppose 4*h + 434 = 5*l, v = 3*l - 5*l + 2*h + 174. List the prime factors of l.
2, 43
Let q = 134 + -31. Let z = q + 407. List the prime factors of z.
2, 3, 5, 17
List the prime factors of ((-1256952)/(-36) - -8) + (2 - (-14)/(-6)).
3, 7, 1663
Let c = 295 + -284. List the prime factors of (128/12 + -3)*c*6.
2, 11, 23
Let m(q) = -97*q - 47 - 4*q**2 + q**2 - q + 6*q**2 + 21. List the prime factors of m(34).
2, 5, 11
Let f(i) = 19*i + 175. Let n be f(-9). Suppose -q = -4*t - 1116, -3*q + 3333 = n*t - t. List the prime factors of q.
2, 139
Let s(v) = -v**3 - v**2 + 3*v. Let q be s(-6). Let b = -421 + q. Let y = -177 - b. What are the prime factors of y?
2, 41
Let o(w) = 3*w**2 - 16*w + 2806. List the prime factors of o(93).
5, 7, 19, 41
Suppose -19 = -9*c + 35. Suppose 0 = -c*u + 9*u + 2*s - 1806, -4*u - 5*s = -2415. What are the prime factors of u?
2, 3, 5
Suppose -12*g - 516817 - 32281 = -34*g. List the prime factors of g.
11, 2269
Suppose -13962 = -2*a + 5*o, 4*a - 11*o - 27954 = -16*o. What are the prime factors of a?
2, 7, 499
What are the prime factors of (4580/(-220) - -21) + (-41413)/(-11)?
3, 5, 251
Suppose 12*d + 65 = 25*d. Suppose -3*w + 3205 = d*o, 1055 = 5*w - 4*w + 5*o. What are the prime factors of w?
5, 43
Let q be (-54 - -1319)*((-7)/(-5) - 1). Let x = q - -460. List the prime factors of x.
2, 3, 7, 23
Let k(c) = -4*c - 26. Let q be k(-7). Suppose -q*i = 5*x, 2*x = -3*i - x. Suppose 5*w + 20 = i, 5*r - 520 = -5*w - 195. List the prime factors of r.
3, 23
Let z be (-1)/((-5)/4)*(-80)/(-32). What are the prime factors of z/(-5) + 3434/10?
7
Let q = 17 + -5. Suppose 6*s - 375 = -405. Let i = q + s. List the prime factors of i.
7
Let l = -118 - -106. What are the prime factors of l/(-8)*(-2344)/(-6)?
2, 293
What are the prime factors of (2 - 1)*(-2)/((-38)/744629)?
39191
Let d(h) = 156*h - 2244. List the prime factors of d(67).
2, 3, 19
Let z be (14/10)/(((-4)/4)/(-5)). Let j be 23 - z/((-7)/2). Suppose 7*g - 4*d = 10*g - 54, d = g - j. List the prime factors of g.
2, 11
Let v(c) = 2*c**2 - 3*c. Let a be v(2). Let j(x) = -28*x**3 + 0*x**2 + 29*x**3 + x**a + 5*x. What are the prime factors of j(4)?
2, 5
Let v = -15886 - -26688. What are the prime factors of v?
2, 11, 491
Suppose -18*s - 21*s - 124410 = 0. What are the prime factors of ((195/6)/(-5))/(29/s)?
5, 11, 13
Let q be (-26*1/(-6))/((-11)/(-33)). Let n(k) = -k**3 + 14*k**2 - 14*k + 3. Let l be n(q). What are the prime factors of ((-650)/l)/(2/4)?
2, 5, 13
Let a = 449 + 530. Suppose -m = -3*f + a, 0 = f - 0*m - 4*m - 319. Suppose 0 = 8*z - 1695 + f. List the prime factors of z.
3, 19
Let t = 61193 - -4618. List the prime factors of t.
3, 21937
Let s = -527 - -269. Let j = -82 - s. What are the prime factors of j?
2, 11